 be (-790)/8 - 4/h. Let t = 212 + a. Is t a composite number?
False
Suppose -27005 = -3*l + 153*u - 149*u, 35998 = 4*l - u. Is l prime?
True
Suppose -2*s + h + 3*h + 622 = 0, -4*s = -h - 1272. Is s a prime number?
False
Let j = 4693 - 3051. Is j a prime number?
False
Suppose 0 = -2*v + 8, -4044 = 2*q - 6*q - 2*v. Is q composite?
False
Let t be 24/9*705/20. Let p = 299 - t. Is p prime?
False
Suppose 10*m - 2124 = -8*m. Is m a prime number?
False
Let u(d) = -1330*d + 331. Is u(-58) composite?
False
Let r(t) = 2 - 20*t - 6 + 22*t. Let g be r(4). Suppose -w - 184 = -5*l, 0*l - g*l - 3*w = -151. Is l a composite number?
False
Let v(i) be the first derivative of i**3/3 + i**2/2 - 5*i + 26. Suppose 3*r = y - 17, 2*r - 27 = 3*r + 5*y. Is v(r) a composite number?
False
Let x(t) = 60*t**2 - 3*t - 73. Is x(-8) a composite number?
True
Suppose 0 = 2*z - 2*f - f + 4, 5*z - f = 16. Suppose 4*c + 44 = -4*u, -z*c - 7 + 23 = 0. Is (-3768)/u - (-4)/(-20) a prime number?
True
Let o be (-11)/((-55)/(-9830))*2/4. Let q = o + 2914. Is q a composite number?
False
Let i(h) = -8888*h**3 - 2*h**2 - 4*h - 3. Is i(-1) a prime number?
True
Let i(u) = u**3 - 13*u**2 - 4*u + 29. Let q be i(9). Let c = 64 - q. Is c a composite number?
True
Let g = -11891 - -19284. Is g prime?
True
Let n(x) = 2120*x**2 - 17*x - 17. Is n(-2) a composite number?
True
Let d = 11 - 4. Suppose 6*c = d*c - 1. Is (c/1 - 0)*87 a composite number?
True
Suppose p - 3*k + 2860 = 0, 3*p + k - 2*k + 8572 = 0. Let t = -651 - p. Is t prime?
False
Suppose -v = 2*a - 4*v - 3037, 4*a = -v + 6095. Suppose 712 = 5*c - a. Is c composite?
True
Let l(c) = -c - c**2 - 4 + 5*c**2 + 3*c. Suppose -2*w = -4*b + 2, 3*w - 4*b + 15 = -2*b. Is l(w) composite?
True
Let v(f) = -f**3 - 5*f**2 - 2*f - 11. Let n be v(-7). Let j = 1092 - n. Is j a composite number?
False
Let z = 6005 + 324. Is z a prime number?
True
Let a be 3*-2*(-3)/6. Suppose -3*t - a - 21 = 0. Is (100/(-8))/(4/t) prime?
False
Let x = -38 - -32. Let s(r) = 7*r**2 + 11*r + 13. Is s(x) a prime number?
True
Suppose 0 = 5*b - d - 17 - 12, -2*d - 33 = -5*b. Suppose b = -5*z + j, -j + 2*j - 5 = 4*z. Suppose z*s - 746 = -2*s. Is s a prime number?
True
Suppose 2*r - 3*k = -3*r + 15, 2*k + 3 = r. Suppose 4*y = -2*m + 634, 0 = -4*y - r*m + 466 + 167. Suppose -y = d - 4*d. Is d a prime number?
True
Suppose w + 5 = -7. Is w/6*(-381)/2 a composite number?
True
Let v(y) = 3*y**2 - 6*y - 54. Let n be v(-19). Let b = 4784 - n. Is b prime?
False
Let c be 0/((-6)/(0 - 3)). Suppose 2*l - 4*g = 88, -4*g + 14 = -c*l + l. Suppose -q + 5*p + l = -53, 2*q = -4*p + 202. Is q prime?
True
Suppose 0 = g + 4*g + 3*a - 16, 5*a = 2*g - 25. Suppose -2*o = -4*o - g*d + 391, 381 = 2*o - 5*d. Let s = o - 51. Is s a prime number?
False
Let a(j) be the third derivative of 13*j**4/4 + 19*j**3/6 + 13*j**2. Is a(6) prime?
True
Let i(l) = l**2 - 13*l - 30. Let f be i(15). Is (-6)/(-2) + 1352 + 2 + f composite?
True
Suppose 0 = 5*z + 5*p - 4300, -p + 3437 = -5*z + 9*z. Is z a composite number?
False
Let y = -5020 + 8927. Is y a prime number?
True
Let t be -2 - (1/(-2) - 1142/4). Suppose -5*m + 501 = -t. Is m composite?
False
Let n be ((-112)/10)/(9/(-180)). Let y = -145 + n. Let z = y + 78. Is z a composite number?
False
Let b(p) be the second derivative of 11*p**4/12 - 2*p**3 + 4*p**2 + 80*p. Let k(s) = s**3 + 6*s**2 + 5*s - 7. Let t be k(-5). Is b(t) composite?
False
Let s(o) = 903*o - 52. Is s(2) a prime number?
False
Let d be (91 + -2)*(-18 - 5/1). Let l = d - -3045. Is l a prime number?
False
Is ((-140)/(-42))/(2/141) a prime number?
False
Let h = 3843 - -1163. Is h prime?
False
Suppose -5*v - 88 = r, -r = 4*r + 15. Let g = -3 - v. Suppose 0 = -g*m + 9*m + 5695. Is m a composite number?
True
Let h(m) = m**2 - m + 1. Let i be h(-1). Suppose -3 = -5*u + i*r + 21, 4*u = -2*r + 6. Suppose -3*w = -4*q - 273, 0*w + 2*w = u*q + 182. Is w a prime number?
False
Let i(p) = -6*p - 9 + 15*p + 3 - 29. Is i(14) a prime number?
False
Let b(g) = 1112*g**2 - 12*g + 41. Is b(5) a prime number?
False
Is 2 + -3 + -4 + 1126 a prime number?
False
Let h = 2 + -60. Let m be ((-30)/(-50))/((-2)/(-30)). Is (m/(-2) - -2)*h a composite number?
True
Suppose 0*f = d - 5*f - 7, 0 = -3*d - 3*f + 21. Is (-1 + -2358)/((7/(-1))/d) a composite number?
True
Suppose -5*x = 4*p - 878, -x + 5*p + 4 + 189 = 0. Let c = -20 + x. Is c prime?
False
Suppose m = 5*m + 3*b + 4, 0 = -5*m + b - 5. Is (m - 0)/((-3)/489) composite?
False
Suppose 6*a - 11*a = -18025. Suppose 4*b = k - 0*k - 721, 5*k - a = -3*b. Suppose 12*d = 11*d + k. Is d prime?
False
Let j be 30/(-20) + 32217/6. Suppose -27*o = -19*o - j. Is o composite?
True
Suppose 5*g = 3*g + 10. Suppose 1096 = -w + 3*w + 5*s, s = -g*w + 2694. Is w a composite number?
True
Suppose -5*g + 2133 + 667 = 0. Suppose g = 3*y - 235. Is y prime?
False
Suppose -23*u = -45033 - 12536. Is u a prime number?
True
Let i(v) = -14*v**2 - 9*v - 9. Let b be i(-6). Let f = -1655 + 1005. Let y = b - f. Is y a composite number?
False
Let f = -1 + 1. Suppose f = n + 2*u - 1, -n + 13 = -5*u + 3*u. Suppose n = 4*q - 261. Is q composite?
False
Let j = -19494 + 38696. Is j a composite number?
True
Let b = -113 - -209. Suppose 0*z + b = 3*z. Suppose 3*t = -z + 287. Is t a composite number?
True
Let d = -24 + 652. Let j = d - 107. Is j a prime number?
True
Suppose 4*x + 0 = 4, 3*g = -5*x + 20. Suppose -4*u + g = -15. Suppose -u*f + 992 = -303. Is f composite?
True
Suppose -4*m = -32*m + 64148. Is m a prime number?
False
Is (8070 - 1)/(-22 + 23) a prime number?
True
Let o be 6645/12 + (-12)/16. Let r = o - 222. Is r composite?
False
Is ((-39)/2 + 1)*(-133 - 433) composite?
True
Let f be (-1 - 0/(-2)) + 6. Suppose 3*y - 741 = 3*m, -f*y + 0*m + 1226 = -2*m. Suppose 0 = 4*h - 752 + y. Is h a prime number?
True
Let f(b) = b**2 + 7*b + 6. Let r be f(-6). Is (-1 - r)/((-12)/1068) composite?
False
Let t = 1589 - -18188. Is t a prime number?
True
Let a(t) = t + 3. Let s be a(-6). Let j be 0 - -1 - 2 - -1. Is j - (s - 127) - -1 a composite number?
False
Suppose -p = 5*c - 65, 5*p = c + 4*c + 205. Suppose 0 = 2*r - p - 61. Is r a composite number?
False
Is (44456/(-8))/(3/(-3)) prime?
True
Suppose -564 = -30*g + 33*g. Let z = 442 + g. Is z prime?
False
Let t(x) = x**2 - 4*x - 8. Let d be t(6). Suppose -3*z + 4*g - 44 = 0, -z + 4*g = -2*z - d. Is ((-476)/z + 4)*3 composite?
False
Let b(w) be the second derivative of w**5/15 + w**4/24 + w**3/6 - w**2/2 - 8*w. Let n(v) be the first derivative of b(v). Is n(4) composite?
True
Suppose 0 = -3*g + 2*f - 51, 2*f + 54 = -5*g - 15. Is 1086 + 12/g + (-27)/(-15) prime?
True
Suppose 0 = 10*l - 3*l - 11753. Is l a prime number?
False
Suppose 4*x = -5*n + 4*n - 137, x = 3*n - 31. Let y = -31 - -102. Let p = x + y. Is p prime?
True
Suppose 5*m - 1 - 9 = 0. Is 635/(-10)*m*-1 composite?
False
Suppose 4*h = -5*p + 3*p + 120074, 3*p - 3*h - 180075 = 0. Is p prime?
True
Let d(k) = k**3 + 937. Suppose -16*j + 18*j = 0. Let r be d(j). Is 1/2*(r - 3) prime?
True
Suppose 4*b - 7*x + 2*x - 21240 = 0, b - 3*x = 5317. Is b a prime number?
False
Let d be (2/(-4))/((-2)/16). Suppose -1410 - 302 = d*i. Let r = i + 721. Is r composite?
False
Let c = 8 - 12. Let h be -2 - 2/(c/4). Suppose -4*p - 4*d + 2 + 86 = 0, -5*d - 5 = h. Is p a prime number?
True
Suppose 17*j - 3742 - 6696 = 0. Is j composite?
True
Suppose c - 4*h + 0*h = 159, 2*c = 2*h + 306. Suppose 0 = 4*n - 33 - c. Suppose n = s - 145. Is s a prime number?
True
Let x = 21318 - 3901. Is x composite?
False
Suppose -3*q + 6 = 0, -4*x + 8*x = q + 4562. Is x composite?
True
Let x(u) = u**3 + 8*u**2 - 3*u - 17. Let p be x(-8). Let i(r) = 308*r - 3. Is i(p) composite?
False
Let w be 121 - (3 - 8/4). Is 6/2 + -14 + w a composite number?
False
Let w(j) = 568*j + 154. Is w(25) composite?
True
Let n = 23 + -28. Let r = n + 304. Is r composite?
True
Let s(p) = 4136*p**3 - 6*p**2 - 3*p. Is s(2) a prime number?
False
Let s(v) = v - 12. Let r be s(8). Let m = 1 - r. Suppose -m*d + 237 + 318 = 0. Is d prime?
False
Let a(v) = -44*v**2 - 4*v + 5. Let z be a(-4). Let t = 2226 + z. Is t composite?
False
Is 3*1778/9*12/8 a prime number?
False
Let m be 4/8*-4*(-1 + 0). Let r(y) = -1. Let u(k) = -55*k**2 + k + 5. Let f(z) = -4*r(z) - u(z). Is f(m) prime?
False
Suppose -4